er when 38 is divided by 18?
2
What is the remainder when 296 is divided by 13?
10
Calculate the remainder when 12943 is divided by 36.
19
What is the remainder when 8457 is divided by 188?
185
Calculate the remainder when 168 is divided by 42.
0
What is the remainder when 118 is divided by 15?
13
What is the remainder when 3257 is divided by 43?
32
What is the remainder when 1098 is divided by 55?
53
What is the remainder when 1509 is divided by 101?
95
What is the remainder when 95 is divided by 84?
11
What is the remainder when 236 is divided by 14?
12
What is the remainder when 103 is divided by 15?
13
Calculate the remainder when 122 is divided by 72.
50
Calculate the remainder when 102 is divided by 77.
25
What is the remainder when 261 is divided by 232?
29
Calculate the remainder when 589 is divided by 55.
39
Calculate the remainder when 321 is divided by 19.
17
Calculate the remainder when 141 is divided by 16.
13
What is the remainder when 619 is divided by 104?
99
Calculate the remainder when 261 is divided by 24.
21
What is the remainder when 551 is divided by 37?
33
Calculate the remainder when 2436 is divided by 40.
36
Calculate the remainder when 435 is divided by 44.
39
What is the remainder when 126 is divided by 34?
24
Calculate the remainder when 1201 is divided by 67.
62
What is the remainder when 2405 is divided by 2397?
8
Calculate the remainder when 241 is divided by 49.
45
Calculate the remainder when 212 is divided by 12.
8
Calculate the remainder when 606 is divided by 32.
30
What is the remainder when 155 is divided by 13?
12
Calculate the remainder when 2277 is divided by 30.
27
What is the remainder when 824 is divided by 14?
12
What is the remainder when 1365 is divided by 18?
15
Calculate the remainder when 70 is divided by 49.
21
What is the remainder when 977 is divided by 11?
9
Calculate the remainder when 2619 is divided by 21.
15
What is the remainder when 737 is divided by 77?
44
Calculate the remainder when 13463 is divided by 12.
11
Calculate the remainder when 114 is divided by 46.
22
Calculate the remainder when 137 is divided by 18.
11
What is the remainder when 72 is divided by 11?
6
What is the remainder when 3033 is divided by 23?
20
Calculate the remainder when 342 is divided by 91.
69
Calculate the remainder when 623 is divided by 19.
15
Calculate the remainder when 4826 is divided by 1602.
20
Calculate the remainder when 13 is divided by 4.
1
What is the remainder when 101 is divided by 68?
33
What is the remainder when 6458 is divided by 68?
66
Calculate the remainder when 758 is divided by 231.
65
What is the remainder when 3955 is divided by 120?
115
Calculate the remainder when 298 is divided by 23.
22
What is the remainder when 561 is divided by 71?
64
Calculate the remainder when 1173 is divided by 49.
46
What is the remainder when 4179 is divided by 113?
111
Calculate the remainder when 89 is divided by 19.
13
What is the remainder when 65 is divided by 50?
15
Calculate the remainder when 4639 is divided by 113.
6
Calculate the remainder when 46 is divided by 6.
4
Calculate the remainder when 1042 is divided by 8.
2
Calculate the remainder when 49087 is divided by 13.
12
What is the remainder when 146 is divided by 22?
14
Calculate the remainder when 660 is divided by 217.
9
What is the remainder when 389 is divided by 49?
46
Calculate the remainder when 2865 is divided by 87.
81
What is the remainder when 908 is divided by 101?
100
Calculate the remainder when 279 is divided by 40.
39
What is the remainder when 72 is divided by 9?
0
Calculate the remainder when 669 is divided by 61.
59
Calculate the remainder when 9 is divided by 8.
1
Calculate the remainder when 295 is divided by 34.
23
What is the remainder when 6951 is divided by 332?
311
What is the remainder when 298 is divided by 13?
12
What is the remainder when 706 is divided by 12?
10
What is the remainder when 71 is divided by 12?
11
Calculate the remainder when 36 is divided by 12.
0
What is the remainder when 31 is divided by 6?
1
What is the remainder when 187 is divided by 72?
43
Calculate the remainder when 258 is divided by 37.
36
Calculate the remainder when 2802 is divided by 54.
48
What is the remainder when 192 is divided by 11?
5
What is the remainder when 773 is divided by 21?
17
Calculate the remainder when 5522 is divided by 13.
10
Calculate the remainder when 7227 is divided by 113.
108
Calculate the remainder when 301 is divided by 145.
11
What is the remainder when 183 is divided by 49?
36
What is the remainder when 24 is divided by 23?
1
What is the remainder when 176 is divided by 17?
6
What is the remainder when 1145 is divided by 19?
5
Calculate the remainder when 82 is divided by 14.
12
What is the remainder when 151 is divided by 22?
19
Calculate the remainder when 32 is divided by 31.
1
What is the remainder when 137 is divided by 71?
66
What is the remainder when 145 is divided by 19?
12
What is the remainder when 588 is divided by 38?
18
What is the remainder when 254 is divided by 11?
1
Calculate the remainder when 1019 is divided by 85.
84
Calculate the remainder when 8576 is divided by 66.
62
Calculate the remainder when 1009 is divided by 81.
37
What is the remainder when 1074 is divided by 43?
42
Calculate the remainder when 187 is divided by 19.
16
What is the remainder when 383 is divided by 43?
39
Calculate the remainder when 1952 is divided by 23.
20
What is the remainder when 661 is divided by 51?
49
Calculate the remainder when 153 is divided by 77.
76
What is the remainder when 184 is divided by 37?
36
Calculate the remainder when 128 is divided by 47.
34
What is the remainder when 21 is divided by 2?
1
Calculate the remainder when 286 is divided by 9.
7
Calculate the remainder when 140 is divided by 116.
24
Calculate the remainder when 93 is divided by 16.
13
Calculate the remainder when 666 is divided by 15.
6
Calculate the remainder when 12596 is divided by 168.
164
What is the remainder when 168 is divided by 168?
0
Calculate the remainder when 91 is divided by 47.
44
What is the remainder when 64 is divided by 26?
12
Calculate the remainder when 724 is divided by 73.
67
Calculate the remainder when 1025 is divided by 51.
5
What is the remainder when 377 is divided by 95?
92
What is the remainder when 512 is divided by 68?
36
Calculate the remainder when 7772 is divided by 169.
167
Calculate the remainder when 142 is divided by 44.
10
Calculate the remainder when 747 is divided by 30.
27
What is the remainder when 69 is divided by 28?
13
What is the remainder when 136 is divided by 60?
16
Calculate the remainder when 37 is divided by 18.
1
Calculate the remainder when 1175 is divided by 24.
23
Calculate the remainder when 461 is divided by 31.
27
Calculate the remainder when 10840 is divided by 48.
40
What is the remainder when 956 is divided by 160?
156
What is the remainder when 681 is divided by 11?
10
What is the remainder when 482 is divided by 14?
6
What is the remainder when 59 is divided by 19?
2
Calculate the remainder when 166 is divided by 21.
19
Calculate the remainder when 3148 is divided by 166.
160
What is the remainder when 54 is divided by 49?
5
Calculate the remainder when 178 is divided by 55.
13
Calculate the remainder when 700 is divided by 158.
68
What is the remainder when 134 is divided by 51?
32
What is the remainder when 48 is divided by 15?
3
Calculate the remainder when 6774 is divided by 399.
390
What is the remainder when 106 is divided by 31?
13
What is the remainder when 103 is divided by 13?
12
What is the remainder when 31 is divided by 25?
6
What is the remainder when 170 is divided by 57?
56
What is the remainder when 12284 is divided by 21?
20
Calculate the remainder when 1814 is divided by 11.
10
Calculate the remainder when 212 is divided by 94.
24
Calculate the remainder when 271 is divided by 132.
7
What is the remainder when 283 is divided by 116?
51
What is the remainder when 223 is divided by 39?
28
Calculate the remainder when 811 is divided by 2.
1
What is the remainder when 253 is divided by 210?
43
Calculate the remainder when 502 is divided by 101.
98
What is the remainder when 631 is divided by 103?
13
What is the remainder when 149 